pose 2*t = 5*v + 12, -t = 3*t - 2*v - 24. Let w(h) = h**2 - 3*h - 14. Let i be w(t). Let x(z) = -z**2 + 2*z + 5. Give x(i).
-3
Let k(p) = p**2 - 6*p. Suppose -5*r + 4 = -3*g, 3*g + 8*r - 6*r - 31 = 0. Determine k(g).
7
Let d(w) = 4*w**3 - w**2 + 2*w - 2. Let i(f) = 9*f**3 - f**2 + 4*f - 5. Let z(o) = -7*d(o) + 3*i(o). Determine z(3).
2
Let u(q) = -30*q - 21. Let x(g) = 3*g + 2. Let z(m) = 4*u(m) + 42*x(m). Calculate z(-3).
-18
Let x(s) = -s + 2. Let d = -2 + 1. Let q(n) = -1. Let r(k) = d*x(k) + 2*q(k). Suppose 4*z - y - 4*y = -10, -8 = -5*z - 4*y. Give r(z).
-4
Let w(q) = -5*q**3 + q**2 - 1. Let g be -3*(1 - (-10)/(-6)). Suppose 2*i = -g*i - k + 5, 0 = i - k. Determine w(i).
-5
Let c be (-7)/(1 - 2 - 0). Let o(j) = -2*j + 2 + c*j - 1 - 2. What is o(1)?
4
Let l(r) = 2*r. Suppose -5*v = -3*t + 3 + 5, -5*t = 4*v - 1. What is l(v)?
-2
Let h(d) be the third derivative of d**5/60 + 7*d**4/24 + 5*d**3/6 + d**2. Let m(f) = -2*f - 9. Let c be m(-8). Let q = c - 12. Calculate h(q).
-5
Suppose -4 = -4*t - 0. Let x be (2 + t + -4)*1. Let z(d) = -1. Let j(l) = -l - 2. Let s(f) = x*z(f) - j(f). Determine s(3).
6
Let d(l) = -4*l**3 - 6*l**2 - 3*l. Let x(r) = -r**3 - r. Let i(k) = d(k) - 3*x(k). Give i(-6).
0
Let k(n) = 2*n**2 + 4*n + 3. Let c(m) = 2*m**2 + 4*m + 3. Let t(p) = 7*c(p) - 6*k(p). Give t(-3).
9
Let u(o) = -3*o**2 + o**2 + 3*o**2. Let q = -3 + 1. Determine u(q).
4
Let p be (-1 + 7)*(-2)/(-3). Let t(j) = -j**2 + 3*j + 1. Let r be t(p). Let b = r - -2. Let k(g) = g**3 + 2*g + 1. Determine k(b).
-2
Let j(s) = 52 - 25 - 24 + s**2. What is j(3)?
12
Let j(a) be the second derivative of a**5/20 + a**4/3 + a**3/2 - 2*a**2 - 2*a. Let x be j(-3). Let u(v) = -v**2 - 6*v - 3. What is u(x)?
5
Let u(o) = 4*o - o - 2*o - 11 + 17. What is u(5)?
11
Let o(m) be the third derivative of m**8/20160 - m**7/1260 + m**6/360 + m**5/15 + 3*m**2. Let p(u) be the third derivative of o(u). What is p(4)?
2
Suppose -2*d - 21 = -21. Let q(y) = -y**3 - y + 4. Determine q(d).
4
Let z(h) = -h - 4. Let f(c) = -2*c - 8. Let i(n) = 4*f(n) - 7*z(n). Let t be i(-9). Let k(a) = -3*a + 1 - 2 + 9*a - a**2 - 5. Determine k(t).
-1
Suppose 4 = u - 4. Let x be u/12*(-3)/(-2). Let j(q) = -5*q**3 - q. Determine j(x).
-6
Let q be 4 + (9 + -2)*-1 - 1. Let d(n) = -6*n - 1. Give d(q).
23
Let v be (2/(-3))/((-12)/288). Suppose -3*k = -1 + v. Let b(o) = o - o + o**2 + 2 + 4*o. Calculate b(k).
7
Let j be -1*((-2)/(-1) - 0). Let s = j - -2. Let o(v) = -v - 9. Give o(s).
-9
Let c(u) be the third derivative of -u**5/20 - u**4/12 + u**3/2 + 10*u**2. Calculate c(2).
-13
Let a(d) = 6*d**2 - 1. Let r(m) = m**2 - 2*m - 2. Suppose x + 3 = 6. Let n be r(x). Calculate a(n).
5
Let q(h) = 21*h**2 + 11. Let x(t) = t**2 - 8*t + 6. Let p be x(6). Let z = p - -17. Let v(d) = 4*d**2 + 2. Let j(k) = z*v(k) - 2*q(k). What is j(-1)?
2
Let x be 16 + (7 - 4) + 1. Suppose x = -2*a - 2*a. Let m(u) be the first derivative of -u**4/4 - 2*u**3 - 7*u**2/2 - 5*u + 1. Give m(a).
5
Suppose 4*c + 8 = 4. Let s(z) = -4*z**2 - z - 1. What is s(c)?
-4
Let j(z) be the third derivative of z**5/40 + 5*z**3/6 + 5*z**2. Let p(w) be the first derivative of j(w). Give p(2).
6
Suppose 6 + 2 = 3*q - 4*v, 4*q + 21 = -v. Let u(z) = z**2 + 4*z + 5. Let b be u(q). Let l = -3 + b. Let p(w) = -4*w + 3. What is p(l)?
-5
Let d be (-1)/2*5*-2. Let z(n) = d*n - 7*n - 5*n - 4 - n**2. Calculate z(-6).
2
Let u(j) be the third derivative of -j**6/120 - j**5/15 - j**4/24 - j**3/3 + 9*j**2. Determine u(-3).
-8
Let f(c) = c. Let x be (-21*4/18)/((-2)/(-3)). Calculate f(x).
-7
Let s(c) = c**2 - 8*c + 9. Let k be s(7). Let u(q) = 3*q + q**2 + 0*q**k - 4 - 1. Suppose -4*i = -2*i - 6, -3*i + 24 = -3*v. What is u(v)?
5
Let z(r) be the third derivative of r**8/6720 - r**7/5040 + r**5/60 - 6*r**2. Let n(t) be the third derivative of z(t). What is n(-1)?
4
Let b(x) = 5*x**2 + 2*x + 1. Suppose 15 = 2*r + r. Suppose 17 = -z - r*w, 8*z = 3*z - 4*w - 1. Let l = 2 - z. Give b(l).
4
Let y(b) = b**2 + 3*b - 6. Let k = 10 - 7. Suppose k*z + 25 = -2*z. Give y(z).
4
Let z = 52 - 58. Let l(h) = -h**3 - 7*h**2 - 4*h + 6. Give l(z).
-6
Let c be 5*3/30*6. Let u(t) = 0*t - 2 - c*t + 5*t + 4. Give u(3).
8
Let w(r) = -r**3 - 4 + 4 + 1. Suppose 7*z - 4*z + 9 = 3*c, -4*c - 5*z = 6. Suppose 0 = 5*o - 6 + c. Give w(o).
0
Let j(b) = -3 + 9*b + 5*b - 15*b. Give j(-9).
6
Let c(z) = -z - 1. Let r(q) = q**3 + 7*q**2 + 3*q - 4. Let u(p) = -3*c(p) - r(p). Give u(-7).
7
Suppose 0 = 4*s - 9 - 11. Suppose 2*h - 2*r + 7 = 1, 0 = s*h - 2*r + 12. Let w(q) = q**2 + 3*q + 2. Determine w(h).
0
Let y(a) = 10*a**2 - a. Let w(t) = -4*t - 8 + 5*t - t + t. Suppose 40 = 5*r + 5*l, -5*l + 22 = -0*r + 3*r. Let p be w(r). Calculate y(p).
9
Suppose 21 = 2*w - g, 0 = -5*w - 3*g + 14 + 22. Let z(p) = -p**2 + 11*p - 10. Calculate z(w).
8
Suppose -4*u + 35 = -9*u. Let p(y) be the third derivative of -y**5/60 - y**4/4 + y**3 + 127*y**2. What is p(u)?
-1
Let k = -15 + 21. Let b(o) = 0 - 13 + k + 2*o - 1. Calculate b(6).
4
Suppose 0 = 2*k - k - 2*j - 8, -4*k - 2*j = -22. Let p(n) = 2 - 6 + 7 + 5*n + 4 - n**2. What is p(k)?
1
Let l(w) = 3*w + 7. Let g = -3 + 6. Suppose 5*j - g*j = -10. What is l(j)?
-8
Let h(y) = -7*y - 26. Let m be h(-3). Suppose -j = 2*j - 6. Let b(t) = t - t - t - j. Determine b(m).
3
Let g(a) = -a**2 + a. Let v(b) = 7*b - 3*b + 1 + 3 - 2. Let n(q) = -2*g(q) + v(q). Determine n(-2).
6
Let u = -5 + 0. Let z(y) = y - 1. Let k(g) = -2*g + 3. Let m(f) = k(f) + 3*z(f). Let j(s) = -1. Let p(w) = 3*j(w) - 2*m(w). Calculate p(u).
7
Let s(k) be the third derivative of -k**6/120 - k**5/60 - k**3/2 + 6*k**2. Determine s(0).
-3
Let f = 3 + 3. Let x(g) = g - 6. Let y be x(f). Suppose 0 = 2*k - y*k - 8. Let j(q) = q**2 - 5*q + 6. Calculate j(k).
2
Let h be (-7)/(-3) - 4/12. Let n be 7/14 + (-7)/h. Let q(z) = z**2 + 4*z - 1. Calculate q(n).
-4
Let d(n) = -n**3 + 3*n**2 + 8*n - 6. Let w(z) = -z**2 + z + 1. Let i(j) = -d(j) + w(j). Determine i(5).
-3
Let w = -7 - -30. Let h(b) = b + w - 16 - 9. What is h(-2)?
-4
Suppose x - 10 - 11 = -3*z, 2*z = 2*x + 6. Suppose -z - 2 = 4*o. Let k(j) = j. Determine k(o).
-2
Let r(j) = -j**3 + j**2 + 2*j + 3. Let u = 1 + 2. Let x = 0 + u. Calculate r(x).
-9
Suppose 5*p + 3*k - 13 = 0, -2*p + 4*k + 6 = 3*p. Let x(v) = -v**2 - 2*v. Determine x(p).
-8
Let c be (18/21)/(18/21 + -1). Let w(n) = n**2 + 5*n + 5. What is w(c)?
11
Suppose 0*m = -4*m - 16. Let w(n) = -5 - n + 2*n - 3*n**2 + 0. Let g(u) = 7*u**2 - 2*u + 11. Let d(x) = m*g(x) - 9*w(x). Determine d(2).
-5
Let v(j) = -j + 3. Let t = -11 - -11. Give v(t).
3
Let n(t) be the third derivative of -t**5/60 + 6*t**2. Suppose -12 = 5*a + 3*v, 13 = 5*a - 3*v + 1. Calculate n(a).
0
Let s(z) = -4*z**2 - 2*z - 1. Let u = 19 + -42. Let w = u - -21. Give s(w).
-13
Let s = 11 + -8. Let g be (-2 - (-11)/3)*s. Let z(r) = r**2 - 4*r - 5. What is z(g)?
0
Let g(a) = -a**3 + 3*a**2 + 4*a + 2. Suppose -24 = q - 5*j, 3*q = -q - 5*j + 4. Let p be 1 + -3 + 2 - q. Determine g(p).
2
Let c(h) = -h**3 + 3*h**2 + 2*h - 2. Suppose 2*y + 2 = 20. Let t be (-4)/(1/(-1))*1. Suppose s - t*s = -y. Calculate c(s).
4
Let p(t) be the first derivative of 2*t + 5/2*t**2 - 4/3*t**3 + 7 - 1/4*t**4. Determine p(-5).
2
Let a(r) = -2*r**3 - 14*r**2 - r + 11. Let w(y) = -y**3 - 7*y**2 + 6. Let k(t) = -6*a(t) + 11*w(t). Let f = 87 - 93. Calculate k(f).
0
Let v(i) = 5*i**2 - i. Let m(j) = j + 13. Let a be m(-10). Let t(o) = 2 + 3*o - o**2 + 2*o - a. Let x be t(5). Calculate v(x).
6
Let r(y) be the first derivative of -y**2/2 - 6*y - 1. Suppose 8*j = 3*j + 15. Suppose j*b = -0*b. What is r(b)?
-6
Let k(c) = c**3 + c**2 - 3*c. Let l = 74 - 77. Calculate k(l).
-9
Let s be (-10)/(-5) - (-6)/(-2). Let f(k) = -17*k**3 + 3*k**2 + 3*k - 7. Let l(r) = 9*r**3 - 2*r**2 - 2*r + 4. Let v(i) = -3*f(i) - 5*l(i). What is v(s)?
-5
Let u(r) = 2 - r - 4*r**2 - 4*r**3 + 4*r + 3*r**3 + 2*r**3. Give u(3).
2
Let o(y) = 7 + 7*y - 2*y + 83*y**2 - 37*y**2 - 45*y**2. Calculate o(-5).
7
Let o(x) = -x - 7. Let g be (2/4)/(3/(-24)). Let l be o(g). Let i(t) = t + 4. Determine i(l).
1
Suppose -3*i + 4 = -i. Let n(g) be the third derivative of 2*g**i + 0*g + 1/2*g**3 - 1/12*g**4 + 0. Determine n(4).
-5
Let s(a) = a**3 - 5*a**2 - 6*a - 7. Let b(w) = -w**3 - 6*w**2 - 2*w - 6. Suppose 0 = 2*f + 10, 0 = -g + 6*g - 4